 5) in base 3?
1202121
-cb1 (base 16) to base 12
-1a69
-287d (base 14) to base 5
-212132
-10111110000101 (base 2) to base 16
-2f85
-518 (base 11) to base 3
-212010
1312a (base 11) to base 10
18787
17767 (base 8) to base 16
1ff7
-10210220 (base 4) to base 2
-100100100101000
-107a0 (base 11) to base 5
-444343
What is -1423 (base 16) in base 9?
-7057
What is -104132 (base 5) in base 11?
-2834
32475 (base 8) to base 13
6285
2b2a (base 14) to base 5
221212
Convert 738 (base 10) to base 11.
611
11368 (base 10) to base 2
10110001101000
What is 32232 (base 4) in base 3?
1021220
31 (base 5) to base 14
12
-66512 (base 8) to base 14
-a2a6
Convert 33427 (base 8) to base 16.
3717
What is -343 (base 16) in base 9?
-1127
Convert -110206 (base 7) to base 11.
-13567
What is 210010010 (base 3) in base 8?
36041
Convert -1269 (base 11) to base 3.
-2021001
What is -1533 (base 9) in base 2?
-10010001100
220012 (base 3) to base 13
3b3
Convert 4001 (base 11) to base 4.
1103031
Convert 5105 (base 6) to base 9.
1475
What is 1885 (base 9) in base 13?
87b
189 (base 12) to base 4
3321
What is -338 (base 16) in base 12?
-588
What is -4454 (base 9) in base 16?
-cd9
10124 (base 13) to base 10
28760
What is -26e (base 15) in base 9?
-675
What is -464 (base 8) in base 12?
-218
Convert 11220221 (base 3) to base 15.
10e4
Convert -1070 (base 12) to base 6.
-12220
What is 335 (base 16) in base 7?
2252
95482 (base 10) to base 8
272372
Convert 785 (base 14) to base 9.
2034
-1261 (base 12) to base 15
-944
d603 (base 14) to base 7
212303
Convert -1012020100 (base 3) to base 9.
-35210
What is 40599 (base 10) in base 3?
2001200200
What is 2299 (base 12) in base 7?
14154
Convert -8b17 (base 14) to base 10.
-24129
Convert -1000100010 (base 2) to base 12.
-396
-225032 (base 6) to base 7
-110051
What is 1405 (base 7) in base 12?
394
23323 (base 4) to base 13
469
What is -123121 (base 5) in base 15?
-1641
42531 (base 6) to base 15
1aca
Convert 34267 (base 9) to base 13.
a507
What is 12322 (base 9) in base 6?
102202
-2537 (base 13) to base 15
-1875
123140 (base 5) to base 7
16660
-1110534 (base 6) to base 11
-39026
10001001001 (base 2) to base 11
908
What is -157 (base 8) in base 3?
-11010
Convert -1003230 (base 4) to base 2.
-1000011101100
Convert 734b (base 12) to base 7.
51461
Convert -143601 (base 7) to base 10.
-27735
4523 (base 7) to base 4
121202
2d0 (base 16) to base 4
23100
-332321 (base 4) to base 7
-14510
Convert 34353 (base 6) to base 15.
16b3
Convert -6908 (base 10) to base 4.
-1223330
Convert -154 (base 9) to base 2.
-10000010
4724 (base 10) to base 6
33512
What is -2307 (base 13) in base 12?
-2a10
-51655 (base 7) to base 14
-489c
-135511 (base 6) to base 7
-52462
2951 (base 11) to base 2
111011011111
What is -14d (base 14) in base 8?
-411
Convert 11011 (base 2) to base 15.
1c
Convert -1150 (base 8) to base 6.
-2504
-10060 (base 9) to base 3
-100002000
-121011 (base 3) to base 10
-436
418 (base 9) to base 7
665
Convert 3111 (base 6) to base 4.
22303
-1798 (base 16) to base 5
-143130
b97 (base 12) to base 4
122203
-401 (base 8) to base 11
-214
a07 (base 12) to base 5
21242
What is -431042 (base 5) in base 7?
-60224
21a07 (base 11) to base 13
11646
53501 (base 7) to base 6
141252
What is 997a (base 11) in base 5?
410110
What is 236 (base 7) in base 6?
325
What is 591 (base 15) in base 6?
5501
Convert 145425 (base 6) to base 10.
14201
-497 (base 10) to base 4
-13301
-70150 (base 8) to base 13
-10137
What is 300 (base 7) in base 15?
9c
What is -20121221 (base 3) in base 6?
-34211
What is 61500 (base 8) in base 7?
134035
Convert 100011101 (base 2) to base 15.
140
What is -60610 (base 8) in base 15?
-75e8
-1357 (base 9) to base 3
-1101221
What is -133310 (base 5) in base 13?
-2638
What is 42 (base 10) in base 4?
222
What is aa26 (base 14) in base 3?
1111101011
Convert 1030332 (base 4) to base 9.
6673
What is -10203 (base 10) in base 7?
-41514
64344 (base 8) to base 6
324152
What is 151502 (base 7) in base 12?
15022
Convert 220310 (base 7) to base 10.
38570
Convert 3361 (base 7) to base 12.
857
4272 (base 9) to base 7
12110
Convert -12000231 (base 4) to base 5.
-1241441
-23210 (base 5) to base 7
-4620
Convert -52548 (base 9) to base 2.
-1000011110011000
What is -1306 (base 7) in base 11?
-411
Convert -101000111001111 (base 2) to base 4.
-11013033
Convert -1427 (base 11) to base 3.
-2112022
Convert 9858 (base 10) to base 3.
111112010
Convert 10231122 (base 4) to base 13.
8a1b
-10003 (base 5) to base 10
-628
Convert -3535 (base 13) to base 5.
-214410
What is -2503 (base 8) in base 16?
-543
Convert 125a (base 15) to base 8.
7506
What is 72 (base 16) in base 12?
96
What is -448 (base 12) in base 10?
-632
-14761 (base 10) to base 3
-202020201
-1025 (base 16) to base 15
-1358
-2032031 (base 4) to base 15
-2a6b
Convert 1100000111010 (base 2) to base 4.
1200322
What is -3a78 (base 14) in base 5?
-312143
-33763 (base 8) to base 10
-14323
What is -759 (base 15) in base 13?
-9a8
1010000101101 (base 2) to base 11
3976
-12323012 (base 4) to base 6
-335142
What is -1462a (base 14) in base 9?
-76368
Convert 31103 (base 4) to base 12.
5ab
What is -1334 (base 9) in base 13?
-5c2
What is 6000 (base 8) in base 14?
1196
-53026 (base 7) to base 3
-122220111
Convert 12013 (base 8) to base 4.
1100023
636 (base 14) to base 10
1224
a308 (base 13) to base 15
69e0
What is 321110 (base 4) in base 15?
1148
Convert 257 (base 9) to base 14.
114
What is -b46 (base 12) in base 13?
-990
What is 11b (base 12) in base 8?
247
-130100 (base 4) to base 9
-2428
What is -496 (base 13) in base 3?
-1002121
What is 1a7 (base 16) in base 12?
2b3
What is 28a6 (base 15) in base 14?
325c
-24314 (base 5) to base 8
-3452
Convert -732 (base 10) to base 7.
-2064
Convert -121120 (base 3) to base 10.
-447
What is -224 (base 15) in base 11?
-400
Convert 811 (base 9) to base 15.
2dd
1010000011 (base 2) to base 4
22003
What is -15906 (base 11) in base 6?
-251355
What is -48a4 (base 14) in base 4?
-3012100
Convert -200110012 (base 3) to base 4.
-3102023
Convert -344 (base 6) to base 11.
-114
What is 12324 (base 5) in base 9?
1281
44 (base 7) to base 11
2a
10101100110100 (base 2) to base 16
2b34
640 (base 10) to base 2
1010000000
Convert 4732 (base 8) to base 5.
40042
-2146 (base 8) to base 12
-79a
Convert 491 (base 11) to base 5.
4314
What is -24700 (base 10) in base 4?
-12001330
-3150 (base 6) to base 2
-1011001010
-1010 (base 3) to base 13
-24
Convert 1010 (base 5) to base 2.
10000010
What is 13201 (base 6) in base 3?
2202201
-4199 (base 12) to base 9
-10750
1a264 (base 11) to base 7
145254
What is 1120201 (base 3) in base 10?
1153
What is 8204 (base 9) in base 6?
43434
Convert 32140 (base 5) to base 6.
14014
-314021 (base 6) to base 5
-1304001
Convert -1223 (base 7) to base 11.
-387
What is 4034232 (base 5) in base 15?
14397
-32232323 (base 4) to base 3
-10001210002
Convert 22716 (base 8) to base 10.
9678
2b03 (base 13) to base 6
44544
10100111011010 (base 2) to base 10
10714
100010011101100 (base 2) to base 4
10103230
32425 (base 7) to base 10
8104
What is -24442 (base 5) in base 14?
-97a
What is 1832 (base 9) in base 3?
1221002
What is 325240 (base 6) in base 9?
41146
What is -212 (base 13) in base 3?
-111002
22023 (base 6) to base 7
11601
Convert -1321 (base 5) to base 7.
-421
-1171 (base 9) to base 7
-2356
Convert -47088 (base 10) to base 11.
-32418
What is 1315 (base 7) in base 16?
1f6
Convert -40423 (base 6) to base 4.
-1103133
What is 1101111010 (base 2) in base 12?
622
What is 787 (base 10) in base 12?
557
Convert 4ab (base 16) to base 2.
10010101011
-120211111 (base 3) to base 15
-3647
Convert 100111010 (base 2) to base 5.
2224
Convert -4405 (base 8) to base 12.
-1405
Convert 2122201 (base 3) to base 12.
1154
What is 20244 (base 11) in base 13?
105ca
51214 (base 9) to base 8
101655
What is 1056 (base 8) in base 10?
558
What is -8118 (base 10) in base 5?
-224433
-d2 (base 16) to base 3
-21210
-2200210100 (base 3) to base 12
-26860
-5250 (base 16) to base 7
-115302
Convert 10a1 (base 12) to base 3.
2112111
Convert 586 (base 12) to base 3.
1010110
20121 (base 4) to base 5
4122
2d7 (base 16) to base 6
3211
1247 (base 8) to base 14
367
-36722 (base 8) to base 9
-23634
Convert -5218 (base 9) to base 14.
-1572
-b96 (base 12) to base